 + 5*v - 3 = 0, m - 4 - 1 = -4*v. What are the prime factors of -12*(-4 - (m - 3))?
2, 3
Suppose -14 = -4*o + w - 3, -o + w = -5. Suppose 0 = -0*u - o*u - g + 156, 4*u - g = 318. List the prime factors of u.
79
Suppose -9 = -783*b + 782*b. What are the prime factors of b?
3
Suppose 5*m = v - 104, 0*v + 2*v = 4*m + 88. Let h be 5/m - 286/8. What are the prime factors of (5/15)/((-2)/h)?
2, 3
Let t(v) be the first derivative of -8*v**2 - 52*v + 20. What are the prime factors of t(-21)?
2, 71
Let r be 412*1 - (0 - -2). Let i = -214 + r. What are the prime factors of i?
2, 7
Let f(u) = -2*u**3 - 2*u**2 - 5. Suppose -4*x - 8 = -2*c, 5*c = 8*c - x + 8. What are the prime factors of f(c)?
7, 13
Suppose z = -4*h + 3192, -3*z = 4*h + h - 3983. What are the prime factors of h?
17, 47
Suppose -k = 16*k - 11730. List the prime factors of k.
2, 3, 5, 23
Let b(g) = g. Let u(c) = 12*c + 5. Let v(x) = -5*x - 1. Let o be v(1). Let k(n) = o*b(n) + u(n). What are the prime factors of k(4)?
29
Let f(v) be the first derivative of -v**3/3 + v**2 + 5*v - 1. Let t be f(5). Let x = t - -16. What are the prime factors of x?
2, 3
Suppose -5*b - 84 - 86 = 0. Let j = b + 36. List the prime factors of 2/(-1)*(-31)/j.
31
Let q(a) be the first derivative of -2*a**2 + 2 - 6*a + 0*a**2 - 1 + 2. List the prime factors of q(-8).
2, 13
Let p(i) = -2*i**2 + 2*i + 2. Let a be p(12). Let k = -151 - a. What are the prime factors of k?
3, 37
Suppose 4*b - 34 = 2. Let u be (-66)/(-9) - 1 - 11/33. Let p = b + u. What are the prime factors of p?
3, 5
List the prime factors of (3/(-2))/((-60)/17560).
439
What are the prime factors of (4 - 3) + 3 + 360?
2, 7, 13
Suppose -4*x = -0*x + r - 13311, -2*x = 4*r - 6638. What are the prime factors of x?
3329
Suppose 0*w - 8 = -w + 3*l, 0 = 2*w + l + 12. Let o(f) = -16*f + 39. List the prime factors of o(w).
103
Let m(a) = -a**2 - a + 3. Let u be m(0). Suppose u*g = 5*g - 56. Suppose 2*j - 24 = -4*v + 14, g = j - v. What are the prime factors of j?
5
Let z(x) = 77*x**2 + 6*x - 31. List the prime factors of z(3).
2, 5, 17
Let z(a) = -3*a**3 + 7*a**2 - 9*a + 4. What are the prime factors of z(-10)?
2, 7, 271
Let v(i) = i**2 - 8*i + 2. Let l be v(7). Let a(p) = -4*p + 11. Let u(m) = 7*m - 21. Let c(o) = l*a(o) - 3*u(o). List the prime factors of c(4).
2
Suppose 4*o + 5 = -3*n, 3*n - o = 4 + 16. Suppose -w - 3*k + 80 = -0*k, 5*k = n*w - 300. What are the prime factors of w?
5, 13
Suppose -5*q + 1507 = -8*f + 12*f, 3*f = -5*q + 1134. List the prime factors of f.
373
Let m = 203 - 93. Suppose 5*v - 170 = 4*c, 0*c - m = -4*v - 2*c. List the prime factors of v.
2, 3, 5
Let i(z) = 2*z**2 - 12*z - 1. Suppose -6 = 20*r - 19*r. What are the prime factors of i(r)?
11, 13
Let i(w) = w**2 + 4*w + 9. Suppose 0 = 4*g + 18 + 18. Let p be i(g). Suppose 3*x - 3*n = 66, -2*x + 4*n + p = 7*n. List the prime factors of x.
2, 3
Let d = -20 + 9. Let r = d - -15. Suppose 0 = o + r*o - 20. What are the prime factors of o?
2
Suppose 220 = 2*g - 60. Suppose 9*b - 14*b - g = 0. What are the prime factors of ((-8)/5)/(b/350)?
2, 5
What are the prime factors of (((-2997)/15)/9)/(1/(-5))?
3, 37
Let p be ((-1 - 1) + 69)*3. Suppose 4*f + 135 = 5*x - p, 5*x - f = 339. Suppose 0*q + x = 4*q. List the prime factors of q.
17
Let m = 261 + -94. List the prime factors of m.
167
Let a be (1/(-2))/(4/40). Let h = 10 + a. Suppose 25 + 10 = h*p. What are the prime factors of p?
7
Suppose 2*g - j = 69, -g + 3*j - j + 36 = 0. What are the prime factors of 2*g/10*(-15)/(-6)?
17
Suppose 489 = 3*c + 3*y, 2*c + y - 326 = -4*y. List the prime factors of c.
163
Suppose -8 = -4*h, -2*m + 3*m - 2*h = 312. List the prime factors of m.
2, 79
Let h(t) be the third derivative of t**6/60 - t**4/8 + t**3/3 + t**2. Suppose 8 = 7*d - 3*d. What are the prime factors of h(d)?
2, 3
Suppose -d - 15 = -6*d. Let c(u) = 30*u - 19. What are the prime factors of c(d)?
71
Suppose 4*c = 3*c - 4*b + 20, 76 = 3*c - 4*b. Let n(y) = -22*y + 47*y - c*y + 20. What are the prime factors of n(-16)?
2
Let p(y) = 13*y**2 + 2*y - 14. Let h be p(3). Let r = h + 130. What are the prime factors of r?
239
Let m(q) = 6*q**2 - 4*q - 5. Suppose 21 = -c + 4*f + f, f - 9 = -c. Let u be m(c). Let b = -54 + u. List the prime factors of b.
3, 7
Suppose 3*t - t + 2*r = 14, 0 = 4*t - 4*r + 12. Suppose -3*j = -0*j + 3*m - 660, t*j + m - 435 = 0. What are the prime factors of j?
5, 43
Suppose 16*s = 17*s - 557. List the prime factors of s.
557
Let i(n) = 39*n**2 - 17*n + 53. List the prime factors of i(4).
3, 7, 29
Suppose 0 = 5*i - 4*u - 258, -3*i - i + 208 = -4*u. Let t = 111 - i. What are the prime factors of t?
61
Let h = 232 + 1612. List the prime factors of h.
2, 461
Suppose 1780 = -5*j + 4*w + 16160, 5*j = -3*w + 14345. What are the prime factors of j?
2, 359
Let h be -2*(2 - 1 - 2). Suppose -h*t - 213 = -5*t. Suppose 0 = -4*x + 61 + t. List the prime factors of x.
3, 11
Suppose 8*c + 14 = -34. Let g(a) = -4*a - 15. Let m be g(c). Suppose 8*z = m*z - 37. What are the prime factors of z?
37
Suppose 184 = 12*u + 64. Suppose 927 = -u*b + 2767. What are the prime factors of b?
2, 23
Let c = 70 - 34. Let w = 85 + c. List the prime factors of w.
11
Let m = 239 + -165. Let a = m + -21. List the prime factors of a.
53
Suppose 996 = 13*d - 2566. Let r = d - 127. What are the prime factors of r?
3, 7
Suppose 0 = -r - 3*r + 72. What are the prime factors of r/(-12) + 42/4?
3
Let v(t) = t**3 - 12*t**2 + 8*t - 23. Let o be v(8). Let r = 301 + o. List the prime factors of r.
2, 43
Suppose -c = -3*m + 6*m - 1133, -m = 0. What are the prime factors of c?
11, 103
Let u = 1637 - 975. List the prime factors of u.
2, 331
Let l = -72 - -136. Suppose 2*s - l = -6. What are the prime factors of s?
29
Suppose -2*f + 4 + 12 = -2*m, -f + 5*m + 28 = 0. Suppose f*y + 7*x - 4*x = 24, -35 = -4*y - x. List the prime factors of y.
3
Let v(x) = -x**3 + 6*x**2 + 3*x - 3. Let u be v(6). Let m = 106 - u. What are the prime factors of 74/14 + (-26)/m?
5
Suppose -2*y + 522 = -3*i + 2*y, 0 = y + 3. Let f = i - -262. What are the prime factors of f?
2, 3, 7
Let u be 13/2 - 1/2. Suppose u*b + 3*k - 15 = b, -2*b - 5*k + 6 = 0. Suppose -b*m - 77 = -5*n, 3*n - m - 55 = 3*m. What are the prime factors of n?
13
Let j = -113 + 557. List the prime factors of j.
2, 3, 37
Suppose -4*j + 51 = z, -4*j + 2*j + 36 = 4*z. Suppose -4*a + j = 0, -4*l - l = 4*a - 27. What are the prime factors of 15*(l - (-18)/(-15))?
3
Suppose -2*b - 136 = 3*z + 15, 4*b = z + 69. Let s = z + 175. What are the prime factors of s?
2, 61
Let f(k) = 612*k**2 + 16*k - 15. List the prime factors of f(1).
613
Let m(d) = d**2 - 7*d + 7. Suppose -4*z = -2*z - 14. Let u be m(z). Suppose -1 = a, 5*q + a - 7 = u. What are the prime factors of q?
3
List the prime factors of (-8708)/6*(-123)/82.
7, 311
Suppose -6 = l + l. Let u = l - 4. Let a(x) = x**2 + x - 7. What are the prime factors of a(u)?
5, 7
Suppose 5*q - 15 = 2*q. Suppose 4*t - 302 = -0*n + 2*n, -3*n + 405 = q*t. Suppose -f + t = f. List the prime factors of f.
3, 13
Let h(z) = -294*z + 835. What are the prime factors of h(-14)?
4951
Let q(w) = 15*w + 13. List the prime factors of q(3).
2, 29
Let v(b) = 204*b + 490. What are the prime factors of v(17)?
2, 1979
Let d(y) = 90*y - 8. List the prime factors of d(3).
2, 131
Let c(q) = q**2 + 3*q + 3. Let n be c(-3). Suppose -b = -2*k - 155, -3 + 15 = -n*k. List the prime factors of b.
3, 7
Suppose -3*u + 1182 = -3*k, -3*u - 6*k + 1194 = -5*k. What are the prime factors of u?
397
Suppose 90*v - 53*v = 18389. What are the prime factors of v?
7, 71
What are the prime factors of (1/2*-1)/(1/(-996))?
2, 3, 83
Suppose 4*r + 5*h - 16 = 0, -r + 2 = 3*h - 2. Suppose r*t = 5*b - 2*b - 417, -4*t = -5*b + 703. List the prime factors of b.
11, 13
Let i = 744 - -1205. List the prime factors of i.
1949
Let m be 10/(-3 + 4 + 1). Let d be (8 - m) + -1 + -14. What are the prime factors of 36 - (d/3)/(-4)?
5, 7
Let a be 4 - (-12)/(4 - 7). Suppose a = -4*k + 8, -3*q - 5*k + 125 + 77 = 0. List the prime factors of q.
2
Let f(b) = b**2 - 3. Let c be f(-6). Suppose 0 = -y - 4*z + 56, -y - 3*z = 3*y - 237. Let t = y - c. List the prime factors of t.
3
Let f(k) = -k**2 - 2*k + 65. Let m be f(-8). Let n(a) be the first derivative of a**2/2 -